{"id":47,"date":"2019-03-26T11:00:19","date_gmt":"2019-03-26T11:00:19","guid":{"rendered":"http:\/\/vivelloc.cat\/?page_id=47"},"modified":"2025-07-25T10:47:25","modified_gmt":"2025-07-25T10:47:25","slug":"heures","status":"publish","type":"page","link":"https:\/\/vivelloc.cat\/es\/heures\/","title":{"rendered":"Venda de plantes i heures amb prop\u00f2sit"},"content":{"rendered":"<h2><\/h2>\n<h2><strong>Prove\u00efdor de planta per a jardineria, paisatgisme i vivers professionals<\/strong>, amb impacte social i producci\u00f3 sostenible a Catalunya.<\/h2>\n<p>A la <strong>Fundaci\u00f3n Viver de Bell-lloc<\/strong> cultivem i venem plantes i heures des de fa m\u00e9s de 40 anys, des del nostre viver ubicat a <strong>Cardedeu<\/strong>, amb un prop\u00f2sit clar: <strong>generar ocupaci\u00f3 inclusiva<\/strong> per a persones amb disCapacitat i trastorn de salut mental.<\/p>\n<p>Ho fem des d\u2019un equip professional que uneix l\u2019expertesa en <strong>jardiner\u00eda<\/strong> y <strong>gesti\u00f3 d\u2019espais verds<\/strong> amb l\u2019acompanyament social, oferint una <strong>producci\u00f3 sostenible, de qualitat i amb les persones al centre<\/strong>.<\/p>\n<h3>M\u00e9s enll\u00e0 de les heures: ampliem varietats<\/h3>\n<p>Reconeixibles pel nostre hist\u00f2ric en la <strong>producci\u00f3 d\u2019heures<\/strong>, des de principis del 2025 ampliem la nostra activitat per oferir una <strong>major diversitat de plantes<\/strong>, adaptades al medi i pensades per a professionals de la <strong>jardineria, paisatgisme i obra p\u00fablica<\/strong>.<\/p>\n<p>Aquest pas endavant \u00e9s possible gr\u00e0cies a la nostra alian\u00e7a amb <a href=\"https:\/\/vivelloc.cat\/es\/noticies\/fundacio-viver-de-bell-lloc-i-vivers-sala-graupera-unir-forces-amb-proposit\/\"><strong>Vivers Sala Graupera<\/strong>,<\/a> empresa de refer\u00e8ncia al sector. Junts unim forces per garantir:<\/p>\n<ul>\n<li>Plantes resistents i de qualitat.<\/li>\n<li>Varietats adaptades al clima mediterrani.<\/li>\n<li>Subministrament constant i a mida.<\/li>\n<li>Producci\u00f3 respectuosa amb el cicle natural.<\/li>\n<\/ul>\n<h3>Un model col\u00b7laboratiu amb valors compartits<\/h3>\n<p>Perqu\u00e8 amb aquesta alian\u00e7a estrat\u00e8gica, l\u2019espai de producci\u00f3 de <strong>La Pineda<\/strong> es consolida com un centre viu on el coneixement t\u00e8cnic, l\u2019experi\u00e8ncia i el comprom\u00eds social es combinen per oferir <strong>solucions verdes amb sentit i valor afegit<\/strong>.<\/p>\n<p>Cada planta que surt del nostre viver \u00e9s fruit d\u2019un treball acurat, responsable i amb un impacte directe en la inclusi\u00f3 de col\u00b7lectius en situaci\u00f3 de vulnerabilitat.<\/p>\n<h3>Solucions integrals de jardineria<\/h3>\n<p>A la Fundaci\u00f3 Viver de Bell-lloc no nom\u00e9s <strong>produ\u00efm plantes<\/strong>. Tamb\u00e9 <strong>dissenyem, executem i mantenim espais verds<\/strong>, amb especialitzaci\u00f3 en <strong>jardineria vertical<\/strong> y <strong>infraestructures sostenibles<\/strong>.<\/p>\n<p>Oferim un servei complet per a empreses, administracions i professionals del verd:<\/p>\n<ul>\n<li>Assessorament t\u00e8cnic especialitzat.<\/li>\n<li>Venda de plantes i subministrament personalitzat.<\/li>\n<li>Disseny i creaci\u00f3 d\u2019espais verds.<\/li>\n<li>Instal\u00b7laci\u00f3 de sistemes de reg.<\/li>\n<li>Treballs de plantaci\u00f3.<\/li>\n<li>Manteniment integral.<\/li>\n<\/ul>\n<p>Tot amb la garantia d\u2019un equip que combina professionalitat i comprom\u00eds.<\/p>\n<h3>Per qu\u00e8 treballar amb nosaltres?<\/h3>\n<ul>\n<li>\u00c0mplia gamma de plantes adaptades al clima mediterrani.<\/li>\n<li>Equip expert que combina coneixement t\u00e8cnic i visi\u00f3 social.<\/li>\n<li>Producci\u00f3 local, sostenible i amb tra\u00e7abilitat.<\/li>\n<li>Tracte proper, escolta activa i servei a mida.<\/li>\n<li>Aliances amb valor que miren al futur.<\/li>\n<\/ul>\n<h3>Connectem?<\/h3>\n<p>Si necessites un <strong>col\u00b7laborador fiable per fer cr\u00e9ixer projectes verds amb sentit<\/strong>, parlem-ne.<\/p>\n<p>A <a href=\"https:\/\/vivelloc.cat\/es\/\"><strong>Fundaci\u00f3n Viver de Bell-lloc<\/strong><\/a> t\u2019oferim resposta professional, impacte real i una mirada compartida cap a la sostenibilitat i la inclusi\u00f3.<\/p>\n<p>\ud83d\udcde Tel\u00e8fon 938444105 | \ud83d\udce7 Correu electr\u00f2nic hedera@vivelloc.cat<\/p>","protected":false},"excerpt":{"rendered":"<p>Prove\u00efdor de planta per a jardineria, paisatgisme i vivers professionals, amb impacte social i producci\u00f3 sostenible a Catalunya. A la Fundaci\u00f3 Viver de Bell-lloc cultivem i venem plantes i heures [&hellip;]<\/p>","protected":false},"author":1,"featured_media":11276,"parent":0,"menu_order":109,"comment_status":"closed","ping_status":"closed","template":"","meta":{"_acf_changed":false,"footnotes":""},"tags":[243],"class_list":["post-47","page","type-page","status-publish","has-post-thumbnail","hentry","tag-heura"],"acf":[],"yoast_head":"<!-- This site is optimized with the Yoast SEO plugin v23.0 - https:\/\/yoast.com\/wordpress\/plugins\/seo\/ -->\n<title>Venda de plantes i heures amb prop\u00f2sit - Viver de Bell Lloc<\/title>\n<meta name=\"description\" content=\"La producci\u00f3 d\u2019heura va ser la primera activitat que va donar oportunitats laborals a la Fundaci\u00f3 Viver de Bell-lloc, en cultivem i venem m\u00e9s de 20 esp\u00e8cies.\" \/>\n<meta name=\"robots\" content=\"index, follow, max-snippet:-1, max-image-preview:large, max-video-preview:-1\" \/>\n<link rel=\"canonical\" href=\"https:\/\/vivelloc.cat\/es\/heures\/\" \/>\n<meta property=\"og:locale\" content=\"es_ES\" \/>\n<meta property=\"og:type\" content=\"article\" \/>\n<meta property=\"og:title\" content=\"Venda de plantes i heures amb prop\u00f2sit - Viver de Bell Lloc\" \/>\n<meta property=\"og:description\" content=\"La producci\u00f3 d\u2019heura va ser la primera activitat que va donar oportunitats laborals a la Fundaci\u00f3 Viver de Bell-lloc, en cultivem i venem m\u00e9s de 20 esp\u00e8cies.\" \/>\n<meta property=\"og:url\" content=\"https:\/\/vivelloc.cat\/es\/heures\/\" \/>\n<meta property=\"og:site_name\" content=\"Viver de Bell Lloc\" \/>\n<meta property=\"article:modified_time\" content=\"2025-07-25T10:47:25+00:00\" \/>\n<meta property=\"og:image\" content=\"https:\/\/vivelloc.cat\/wp-content\/uploads\/2025\/07\/viver_viverdebelllloc_planta-7.jpeg\" \/>\n\t<meta property=\"og:image:width\" content=\"1800\" \/>\n\t<meta property=\"og:image:height\" content=\"1350\" \/>\n\t<meta property=\"og:image:type\" content=\"image\/jpeg\" \/>\n<meta name=\"twitter:card\" content=\"summary_large_image\" \/>\n<meta name=\"twitter:label1\" content=\"Tiempo de lectura\" \/>\n\t<meta name=\"twitter:data1\" content=\"3 minutos\" \/>\n<script type=\"application\/ld+json\" class=\"yoast-schema-graph\">{\"@context\":\"https:\/\/schema.org\",\"@graph\":[{\"@type\":\"WebPage\",\"@id\":\"https:\/\/vivelloc.cat\/heures\/\",\"url\":\"https:\/\/vivelloc.cat\/heures\/\",\"name\":\"Venda de plantes i heures amb prop\u00f2sit - Viver de Bell Lloc\",\"isPartOf\":{\"@id\":\"https:\/\/vivelloc.cat\/es\/#website\"},\"primaryImageOfPage\":{\"@id\":\"https:\/\/vivelloc.cat\/heures\/#primaryimage\"},\"image\":{\"@id\":\"https:\/\/vivelloc.cat\/heures\/#primaryimage\"},\"thumbnailUrl\":\"https:\/\/vivelloc.cat\/wp-content\/uploads\/2025\/07\/viver_viverdebelllloc_planta-7-e1783089520562.jpeg\",\"datePublished\":\"2019-03-26T11:00:19+00:00\",\"dateModified\":\"2025-07-25T10:47:25+00:00\",\"description\":\"La producci\u00f3 d\u2019heura va ser la primera activitat que va donar oportunitats laborals a la Fundaci\u00f3 Viver de Bell-lloc, en cultivem i venem m\u00e9s de 20 esp\u00e8cies.\",\"breadcrumb\":{\"@id\":\"https:\/\/vivelloc.cat\/heures\/#breadcrumb\"},\"inLanguage\":\"es\",\"potentialAction\":[{\"@type\":\"ReadAction\",\"target\":[\"https:\/\/vivelloc.cat\/heures\/\"]}]},{\"@type\":\"ImageObject\",\"inLanguage\":\"es\",\"@id\":\"https:\/\/vivelloc.cat\/heures\/#primaryimage\",\"url\":\"https:\/\/vivelloc.cat\/wp-content\/uploads\/2025\/07\/viver_viverdebelllloc_planta-7-e1783089520562.jpeg\",\"contentUrl\":\"https:\/\/vivelloc.cat\/wp-content\/uploads\/2025\/07\/viver_viverdebelllloc_planta-7-e1783089520562.jpeg\",\"width\":1800,\"height\":1200,\"caption\":\"Viver de planta de Fundaci\u00f3 Viver de Bell-lloc\"},{\"@type\":\"BreadcrumbList\",\"@id\":\"https:\/\/vivelloc.cat\/heures\/#breadcrumb\",\"itemListElement\":[{\"@type\":\"ListItem\",\"position\":1,\"name\":\"Inici\",\"item\":\"https:\/\/vivelloc.cat\/\"},{\"@type\":\"ListItem\",\"position\":2,\"name\":\"Venda de plantes i heures amb prop\u00f2sit\"}]},{\"@type\":\"WebSite\",\"@id\":\"https:\/\/vivelloc.cat\/es\/#website\",\"url\":\"https:\/\/vivelloc.cat\/es\/\",\"name\":\"Viver de Bell Lloc\",\"description\":\"Promovem el creixement personal de persones amb disCapacitat i TSM sever\",\"potentialAction\":[{\"@type\":\"SearchAction\",\"target\":{\"@type\":\"EntryPoint\",\"urlTemplate\":\"https:\/\/vivelloc.cat\/es\/?s={search_term_string}\"},\"query-input\":\"required name=search_term_string\"}],\"inLanguage\":\"es\"}]}<\/script>\n<!-- \/ Yoast SEO plugin. -->","yoast_head_json":{"title":"Venda de plantes i heures amb prop\u00f2sit - Viver de Bell Lloc","description":"La producci\u00f3 d\u2019heura va ser la primera activitat que va donar oportunitats laborals a la Fundaci\u00f3 Viver de Bell-lloc, en cultivem i venem m\u00e9s de 20 esp\u00e8cies.","robots":{"index":"index","follow":"follow","max-snippet":"max-snippet:-1","max-image-preview":"max-image-preview:large","max-video-preview":"max-video-preview:-1"},"canonical":"https:\/\/vivelloc.cat\/es\/heures\/","og_locale":"es_ES","og_type":"article","og_title":"Venda de plantes i heures amb prop\u00f2sit - Viver de Bell Lloc","og_description":"La producci\u00f3 d\u2019heura va ser la primera activitat que va donar oportunitats laborals a la Fundaci\u00f3 Viver de Bell-lloc, en cultivem i venem m\u00e9s de 20 esp\u00e8cies.","og_url":"https:\/\/vivelloc.cat\/es\/heures\/","og_site_name":"Viver de Bell Lloc","article_modified_time":"2025-07-25T10:47:25+00:00","og_image":[{"width":1800,"height":1350,"url":"https:\/\/vivelloc.cat\/wp-content\/uploads\/2025\/07\/viver_viverdebelllloc_planta-7.jpeg","type":"image\/jpeg"}],"twitter_card":"summary_large_image","twitter_misc":{"Tiempo de lectura":"3 minutos"},"schema":{"@context":"https:\/\/schema.org","@graph":[{"@type":"WebPage","@id":"https:\/\/vivelloc.cat\/heures\/","url":"https:\/\/vivelloc.cat\/heures\/","name":"Venda de plantes i heures amb prop\u00f2sit - Viver de Bell Lloc","isPartOf":{"@id":"https:\/\/vivelloc.cat\/es\/#website"},"primaryImageOfPage":{"@id":"https:\/\/vivelloc.cat\/heures\/#primaryimage"},"image":{"@id":"https:\/\/vivelloc.cat\/heures\/#primaryimage"},"thumbnailUrl":"https:\/\/vivelloc.cat\/wp-content\/uploads\/2025\/07\/viver_viverdebelllloc_planta-7-e1783089520562.jpeg","datePublished":"2019-03-26T11:00:19+00:00","dateModified":"2025-07-25T10:47:25+00:00","description":"La producci\u00f3 d\u2019heura va ser la primera activitat que va donar oportunitats laborals a la Fundaci\u00f3 Viver de Bell-lloc, en cultivem i venem m\u00e9s de 20 esp\u00e8cies.","breadcrumb":{"@id":"https:\/\/vivelloc.cat\/heures\/#breadcrumb"},"inLanguage":"es","potentialAction":[{"@type":"ReadAction","target":["https:\/\/vivelloc.cat\/heures\/"]}]},{"@type":"ImageObject","inLanguage":"es","@id":"https:\/\/vivelloc.cat\/heures\/#primaryimage","url":"https:\/\/vivelloc.cat\/wp-content\/uploads\/2025\/07\/viver_viverdebelllloc_planta-7-e1783089520562.jpeg","contentUrl":"https:\/\/vivelloc.cat\/wp-content\/uploads\/2025\/07\/viver_viverdebelllloc_planta-7-e1783089520562.jpeg","width":1800,"height":1200,"caption":"Viver de planta de Fundaci\u00f3 Viver de Bell-lloc"},{"@type":"BreadcrumbList","@id":"https:\/\/vivelloc.cat\/heures\/#breadcrumb","itemListElement":[{"@type":"ListItem","position":1,"name":"Inici","item":"https:\/\/vivelloc.cat\/"},{"@type":"ListItem","position":2,"name":"Venda de plantes i heures amb prop\u00f2sit"}]},{"@type":"WebSite","@id":"https:\/\/vivelloc.cat\/es\/#website","url":"https:\/\/vivelloc.cat\/es\/","name":"Viver de Bell Lloc","description":"Promovem el creixement personal de persones amb disCapacitat i TSM sever","potentialAction":[{"@type":"SearchAction","target":{"@type":"EntryPoint","urlTemplate":"https:\/\/vivelloc.cat\/es\/?s={search_term_string}"},"query-input":"required name=search_term_string"}],"inLanguage":"es"}]}},"_links":{"self":[{"href":"https:\/\/vivelloc.cat\/es\/wp-json\/wp\/v2\/pages\/47","targetHints":{"allow":["GET"]}}],"collection":[{"href":"https:\/\/vivelloc.cat\/es\/wp-json\/wp\/v2\/pages"}],"about":[{"href":"https:\/\/vivelloc.cat\/es\/wp-json\/wp\/v2\/types\/page"}],"author":[{"embeddable":true,"href":"https:\/\/vivelloc.cat\/es\/wp-json\/wp\/v2\/users\/1"}],"replies":[{"embeddable":true,"href":"https:\/\/vivelloc.cat\/es\/wp-json\/wp\/v2\/comments?post=47"}],"version-history":[{"count":23,"href":"https:\/\/vivelloc.cat\/es\/wp-json\/wp\/v2\/pages\/47\/revisions"}],"predecessor-version":[{"id":11401,"href":"https:\/\/vivelloc.cat\/es\/wp-json\/wp\/v2\/pages\/47\/revisions\/11401"}],"wp:featuredmedia":[{"embeddable":true,"href":"https:\/\/vivelloc.cat\/es\/wp-json\/wp\/v2\/media\/11276"}],"wp:attachment":[{"href":"https:\/\/vivelloc.cat\/es\/wp-json\/wp\/v2\/media?parent=47"}],"wp:term":[{"taxonomy":"post_tag","embeddable":true,"href":"https:\/\/vivelloc.cat\/es\/wp-json\/wp\/v2\/tags?post=47"}],"curies":[{"name":"wp","href":"https:\/\/api.w.org\/{rel}","templated":true}]}}

Venda de plantes i heures amb propòsit

<h2></h2>
<h2><strong>Proveïdor de planta per a jardineria, paisatgisme i vivers professionals</strong>, amb impacte social i producció sostenible a Catalunya.</h2>
<p>A la <strong>Fundación Viver de Bell-lloc</strong> cultivem i venem plantes i heures des de fa més de 40 anys, des del nostre viver ubicat a <strong>Cardedeu</strong>, amb un propòsit clar: <strong>generar ocupació inclusiva</strong> per a persones amb disCapacitat i trastorn de salut mental.</p>
<p>Ho fem des d’un equip professional que uneix l’expertesa en <strong>jardinería</strong> y <strong>gestió d’espais verds</strong> amb l’acompanyament social, oferint una <strong>producció sostenible, de qualitat i amb les persones al centre</strong>.</p>
<h3>Més enllà de les heures: ampliem varietats</h3>
<p>Reconeixibles pel nostre històric en la <strong>producció d’heures</strong>, des de principis del 2025 ampliem la nostra activitat per oferir una <strong>major diversitat de plantes</strong>, adaptades al medi i pensades per a professionals de la <strong>jardineria, paisatgisme i obra pública</strong>.</p>
<p>Aquest pas endavant és possible gràcies a la nostra aliança amb <a href="https://vivelloc.cat/es/noticies/fundacio-viver-de-bell-lloc-i-vivers-sala-graupera-unir-forces-amb-proposit/"><strong>Vivers Sala Graupera</strong>,</a> empresa de referència al sector. Junts unim forces per garantir:</p>
<ul>
<li>Plantes resistents i de qualitat.</li>
<li>Varietats adaptades al clima mediterrani.</li>
<li>Subministrament constant i a mida.</li>
<li>Producció respectuosa amb el cicle natural.</li>
</ul>
<h3>Un model col·laboratiu amb valors compartits</h3>
<p>Perquè amb aquesta aliança estratègica, l’espai de producció de <strong>La Pineda</strong> es consolida com un centre viu on el coneixement tècnic, l’experiència i el compromís social es combinen per oferir <strong>solucions verdes amb sentit i valor afegit</strong>.</p>
<p>Cada planta que surt del nostre viver és fruit d’un treball acurat, responsable i amb un impacte directe en la inclusió de col·lectius en situació de vulnerabilitat.</p>
<h3>Solucions integrals de jardineria</h3>
<p>A la Fundació Viver de Bell-lloc no només <strong>produïm plantes</strong>. També <strong>dissenyem, executem i mantenim espais verds</strong>, amb especialització en <strong>jardineria vertical</strong> y <strong>infraestructures sostenibles</strong>.</p>
<p>Oferim un servei complet per a empreses, administracions i professionals del verd:</p>
<ul>
<li>Assessorament tècnic especialitzat.</li>
<li>Venda de plantes i subministrament personalitzat.</li>
<li>Disseny i creació d’espais verds.</li>
<li>Instal·lació de sistemes de reg.</li>
<li>Treballs de plantació.</li>
<li>Manteniment integral.</li>
</ul>
<p>Tot amb la garantia d’un equip que combina professionalitat i compromís.</p>
<h3>Per què treballar amb nosaltres?</h3>
<ul>
<li>Àmplia gamma de plantes adaptades al clima mediterrani.</li>
<li>Equip expert que combina coneixement tècnic i visió social.</li>
<li>Producció local, sostenible i amb traçabilitat.</li>
<li>Tracte proper, escolta activa i servei a mida.</li>
<li>Aliances amb valor que miren al futur.</li>
</ul>
<h3>Connectem?</h3>
<p>Si necessites un <strong>col·laborador fiable per fer créixer projectes verds amb sentit</strong>, parlem-ne.</p>
<p>A <a href="https://vivelloc.cat/es/"><strong>Fundación Viver de Bell-lloc</strong></a> t’oferim resposta professional, impacte real i una mirada compartida cap a la sostenibilitat i la inclusió.</p>
<p>📞 Telèfon 938444105 | 📧 Correu electrònic hedera@vivelloc.cat</p>

<p>Proveïdor de planta per a jardineria, paisatgisme i vivers professionals, amb impacte social i producció sostenible a Catalunya. A la Fundació Viver de Bell-lloc cultivem i venem plantes i heures [&hellip;]</p>

<!-- This site is optimized with the Yoast SEO plugin v23.0 - https://yoast.com/wordpress/plugins/seo/ -->
<title>Venda de plantes i heures amb propòsit - Viver de Bell Lloc</title>
<meta name="description" content="La producció d’heura va ser la primera activitat que va donar oportunitats laborals a la Fundació Viver de Bell-lloc, en cultivem i venem més de 20 espècies." />
<meta name="robots" content="index, follow, max-snippet:-1, max-image-preview:large, max-video-preview:-1" />
<link rel="canonical" href="https://vivelloc.cat/es/heures/" />
<meta property="og:locale" content="es_ES" />
<meta property="og:type" content="article" />
<meta property="og:title" content="Venda de plantes i heures amb propòsit - Viver de Bell Lloc" />
<meta property="og:description" content="La producció d’heura va ser la primera activitat que va donar oportunitats laborals a la Fundació Viver de Bell-lloc, en cultivem i venem més de 20 espècies." />
<meta property="og:url" content="https://vivelloc.cat/es/heures/" />
<meta property="og:site_name" content="Viver de Bell Lloc" />
<meta property="article:modified_time" content="2025-07-25T10:47:25+00:00" />
<meta property="og:image" content="https://vivelloc.cat/wp-content/uploads/2025/07/viver_viverdebelllloc_planta-7.jpeg" />
	<meta property="og:image:width" content="1800" />
	<meta property="og:image:height" content="1350" />
	<meta property="og:image:type" content="image/jpeg" />
<meta name="twitter:card" content="summary_large_image" />
<meta name="twitter:label1" content="Tiempo de lectura" />
	<meta name="twitter:data1" content="3 minutos" />
<script type="application/ld+json" class="yoast-schema-graph">{"@context":"https://schema.org","@graph":[{"@type":"WebPage","@id":"https://vivelloc.cat/heures/","url":"https://vivelloc.cat/heures/","name":"Venda de plantes i heures amb propòsit - Viver de Bell Lloc","isPartOf":{"@id":"https://vivelloc.cat/es/#website"},"primaryImageOfPage":{"@id":"https://vivelloc.cat/heures/#primaryimage"},"image":{"@id":"https://vivelloc.cat/heures/#primaryimage"},"thumbnailUrl":"https://vivelloc.cat/wp-content/uploads/2025/07/viver_viverdebelllloc_planta-7-e1783089520562.jpeg","datePublished":"2019-03-26T11:00:19+00:00","dateModified":"2025-07-25T10:47:25+00:00","description":"La producció d’heura va ser la primera activitat que va donar oportunitats laborals a la Fundació Viver de Bell-lloc, en cultivem i venem més de 20 espècies.","breadcrumb":{"@id":"https://vivelloc.cat/heures/#breadcrumb"},"inLanguage":"es","potentialAction":[{"@type":"ReadAction","target":["https://vivelloc.cat/heures/"]}]},{"@type":"ImageObject","inLanguage":"es","@id":"https://vivelloc.cat/heures/#primaryimage","url":"https://vivelloc.cat/wp-content/uploads/2025/07/viver_viverdebelllloc_planta-7-e1783089520562.jpeg","contentUrl":"https://vivelloc.cat/wp-content/uploads/2025/07/viver_viverdebelllloc_planta-7-e1783089520562.jpeg","width":1800,"height":1200,"caption":"Viver de planta de Fundació Viver de Bell-lloc"},{"@type":"BreadcrumbList","@id":"https://vivelloc.cat/heures/#breadcrumb","itemListElement":[{"@type":"ListItem","position":1,"name":"Inici","item":"https://vivelloc.cat/"},{"@type":"ListItem","position":2,"name":"Venda de plantes i heures amb propòsit"}]},{"@type":"WebSite","@id":"https://vivelloc.cat/es/#website","url":"https://vivelloc.cat/es/","name":"Viver de Bell Lloc","description":"Promovem el creixement personal de persones amb disCapacitat i TSM sever","potentialAction":[{"@type":"SearchAction","target":{"@type":"EntryPoint","urlTemplate":"https://vivelloc.cat/es/?s={search_term_string}"},"query-input":"required name=search_term_string"}],"inLanguage":"es"}]}</script>
<!-- / Yoast SEO plugin. -->

Venda de plantes i heures amb propòsit - Viver de Bell Lloc

La producció d’heura va ser la primera activitat que va donar oportunitats laborals a la Fundació Viver de Bell-lloc, en cultivem i venem més de 20 espècies.

Viver de planta de Fundació Viver de Bell-lloc
