{"id":12507,"date":"2026-04-07T13:34:55","date_gmt":"2026-04-07T13:34:55","guid":{"rendered":"https:\/\/vivelloc.cat\/?page_id=12507"},"modified":"2026-04-07T13:34:55","modified_gmt":"2026-04-07T13:34:55","slug":"productes-ecologics","status":"publish","type":"page","link":"https:\/\/vivelloc.cat\/es\/productes-ecologics\/","title":{"rendered":"Productos ecol\u00f3gicos"},"content":{"rendered":"<header class=\"entry-header\">\n<h2 class=\"entry-title\">Huevos eco-solidarios de La Tavella<\/h2>\n<\/header>\n<div class=\"entry-content\">\n<p><b>Desde el a\u00f1o 2012 somos productores de huevos ecol\u00f3gicos al por mayor. Es un producto de alta calidad que se produce dentro del \u00e1rea de la reserva de la Biosfera del Montseny y que distribuimos a tiendas, comedores escolares, restaurantes y empresas vinculadas al sector de la hosteler\u00eda.<\/b><\/p>\n<p>Los huevos llevan una numeraci\u00f3n que sirve para clasificar el tipo de explotaci\u00f3n que los produce, siendo 3 las gallinas criadas en jaulas y 0 las gallinas criadas en libertad con alimentaci\u00f3n ecol\u00f3gica. A C\u00e0noves, hay unos huevos que van m\u00e1s all\u00e1, que no s\u00f3lo son ecol\u00f3gicos sino que son solidarios.<\/p>\n<p>Se trata de los huevos ecol\u00f3gicos de La Tavella, una empresa promovida por Fundaci\u00f3n Viver de Bell-lloc que\u00a0<strong>dona feina a persones amb disCapacitat i\/o trastorn mental sever de la comarca del Vall\u00e8s Oriental.<\/strong>\u00a0Detr\u00e1s de cada huevera, hay un grupo de personas a las que se les da la oportunidad de tener un trabajo. El 85% de la plantilla son personas con alg\u00fan tipo de diversidad funcional. Participan de la recogida, envasado y distribuci\u00f3n de los huevos.<\/p>\n<p>Produ\u00efm els nostres ous ecol\u00f2gics a la Finca La Tavella, a C\u00e0noves, dins l\u2019\u00e0rea de la reserva de la Biosfera del Montseny. Les nostres gallines viuen amb acc\u00e9s lliure als patis de pastura i<strong>\u00a0priorizamos en todo momento el bienestar animal<\/strong>, Lo que se ve reflejado en la calidad de los huevos.<\/p>\n<p>En l\u2019actualitat comptem amb un total de 4.200 gallines que viuen en tres galliners (un de 200 m2 i un altre de 340m2) i vuit parcel\u00b7les amb una superf\u00edcie total de 10.400 m2.<\/p>\n<p><img loading=\"lazy\" decoding=\"async\" class=\"alignnone size-medium wp-image-12511\" src=\"https:\/\/vivelloc.cat\/wp-content\/uploads\/2026\/03\/BANNERS-16-1-900x300.png\" alt=\"\" width=\"900\" height=\"300\" srcset=\"https:\/\/vivelloc.cat\/wp-content\/uploads\/2026\/03\/BANNERS-16-1-900x300.png 900w, https:\/\/vivelloc.cat\/wp-content\/uploads\/2026\/03\/BANNERS-16-1-768x256.png 768w, https:\/\/vivelloc.cat\/wp-content\/uploads\/2026\/03\/BANNERS-16-1-18x6.png 18w, https:\/\/vivelloc.cat\/wp-content\/uploads\/2026\/03\/BANNERS-16-1.png 1200w\" sizes=\"auto, (max-width: 900px) 100vw, 900px\" \/><\/p>\n<h3><strong>\u00bfQuieres saber d\u00f3nde encontrar los huevos ecosolidario de La Tavella?<\/strong><\/h3>\n<\/div>\n<div>\n<div>\n<p><strong>Si quieres tener estos huevos en tu tienda o restaurante, contacta a trav\u00e9s del formulario.<\/strong><\/p>\n<p><img loading=\"lazy\" decoding=\"async\" class=\"alignnone wp-image-6987\" src=\"https:\/\/www.vivelloc.cat\/wp-content\/uploads\/2020\/10\/venta-de-proximitat.jpg\" alt=\"\" width=\"112\" height=\"121\" srcset=\"https:\/\/vivelloc.cat\/wp-content\/uploads\/2020\/10\/venta-de-proximitat.jpg 789w, https:\/\/vivelloc.cat\/wp-content\/uploads\/2020\/10\/venta-de-proximitat-768x828.jpg 768w\" sizes=\"auto, (max-width: 112px) 100vw, 112px\" \/><img loading=\"lazy\" decoding=\"async\" class=\"alignnone wp-image-6988\" src=\"https:\/\/www.vivelloc.cat\/wp-content\/uploads\/2020\/10\/Logo-Reserva-Biosfera-Montseny.jpg\" alt=\"\" width=\"125\" height=\"125\" \/><img loading=\"lazy\" decoding=\"async\" class=\"alignnone wp-image-6989\" src=\"https:\/\/www.vivelloc.cat\/wp-content\/uploads\/2020\/10\/organic-eu-logo.jpg\" alt=\"\" width=\"161\" height=\"107\" \/><\/p>\n<\/div>\n<h2 class=\"entry-title\">Cistelles de Fruita i Verdura Eco i Ecomercat<\/h2>\n<div>\n<p data-start=\"74\" data-end=\"262\">Oferim un servei integral de fruita ecol\u00f2gica per a oficines a trav\u00e9s de La Tavella ECO-grup. Repartiment diari de fruita fresca, productes d\u2019esmorzar i opcions de coffee break pensades per al benestar dels equips.<\/p>\n<p data-start=\"264\" data-end=\"517\">A La Tavella som productors i comercialitzadors directes de fruita, verdura, ous i conserves, aix\u00ed com d\u2019altres productes ecol\u00f2gics. Treballem sempre amb productes de proximitat, de temporada i, en la majoria dels casos, provinents de l\u2019economia social.<\/p>\n<p data-start=\"519\" data-end=\"746\">Les nostres finques estan situades a C\u00e0noves i Samal\u00fas i Santa Maria de Palautordera (Vall\u00e8s Oriental), aix\u00ed com a Vic, Calldetenes i Tav\u00e8rnoles (Osona). En total, gestionem 10 hect\u00e0rees de cultiu, totes certificades pel CCPAE.<\/p>\n<p data-start=\"748\" data-end=\"957\">A La Tavella tamb\u00e9 contribu\u00efm a preservar varietats aut\u00f2ctones de fruites i verdures, apostant per aquelles m\u00e9s saboroses i amb millor rendiment, i posant en valor el coneixement i l\u2019experi\u00e8ncia de la pagesia.<\/p>\n<p data-start=\"959\" data-end=\"1121\">Ens vols con\u00e8ixer?<a href=\"https:\/\/www.latavella.cat\/\"> Vine a visitar-nos!<\/a><\/p>\n<p data-start=\"959\" data-end=\"1121\"><img loading=\"lazy\" decoding=\"async\" class=\"alignnone wp-image-12513\" src=\"https:\/\/vivelloc.cat\/wp-content\/uploads\/2026\/03\/BANNERS-17-1-900x300.png\" alt=\"\" width=\"798\" height=\"266\" srcset=\"https:\/\/vivelloc.cat\/wp-content\/uploads\/2026\/03\/BANNERS-17-1-900x300.png 900w, https:\/\/vivelloc.cat\/wp-content\/uploads\/2026\/03\/BANNERS-17-1-768x256.png 768w, https:\/\/vivelloc.cat\/wp-content\/uploads\/2026\/03\/BANNERS-17-1-18x6.png 18w, https:\/\/vivelloc.cat\/wp-content\/uploads\/2026\/03\/BANNERS-17-1.png 1200w\" sizes=\"auto, (max-width: 798px) 100vw, 798px\" \/><\/p>\n<\/div>\n<\/div>","protected":false},"excerpt":{"rendered":"<p>Ous eco-solidaris de La Tavella Des de l\u2019any 2012 som productors d\u2019ous ecol\u00f2gics a l\u2019engr\u00f2s. \u00c9s un producte d\u2019alta qualitat que es produeix dins l\u2019\u00e0rea de la reserva de la [&hellip;]<\/p>","protected":false},"author":2,"featured_media":12510,"parent":0,"menu_order":0,"comment_status":"closed","ping_status":"closed","template":"","meta":{"_acf_changed":false,"footnotes":""},"tags":[],"class_list":["post-12507","page","type-page","status-publish","has-post-thumbnail","hentry"],"acf":[],"yoast_head":"<!-- This site is optimized with the Yoast SEO plugin v23.0 - https:\/\/yoast.com\/wordpress\/plugins\/seo\/ -->\n<title>Productes ecol\u00f2gics - Viver de Bell Lloc<\/title>\n<meta name=\"robots\" content=\"index, follow, max-snippet:-1, max-image-preview:large, max-video-preview:-1\" \/>\n<link rel=\"canonical\" href=\"https:\/\/vivelloc.cat\/es\/productes-ecologics\/\" \/>\n<meta property=\"og:locale\" content=\"es_ES\" \/>\n<meta property=\"og:type\" content=\"article\" \/>\n<meta property=\"og:title\" content=\"Productes ecol\u00f2gics - Viver de Bell Lloc\" \/>\n<meta property=\"og:description\" content=\"Ous eco-solidaris de La Tavella Des de l\u2019any 2012 som productors d\u2019ous ecol\u00f2gics a l\u2019engr\u00f2s. \u00c9s un producte d\u2019alta qualitat que es produeix dins l\u2019\u00e0rea de la reserva de la [&hellip;]\" \/>\n<meta property=\"og:url\" content=\"https:\/\/vivelloc.cat\/es\/productes-ecologics\/\" \/>\n<meta property=\"og:site_name\" content=\"Viver de Bell Lloc\" \/>\n<meta property=\"og:image\" content=\"https:\/\/vivelloc.cat\/wp-content\/uploads\/2026\/03\/BANNERS-15-1.png\" \/>\n\t<meta property=\"og:image:width\" content=\"1200\" \/>\n\t<meta property=\"og:image:height\" content=\"400\" \/>\n\t<meta property=\"og:image:type\" content=\"image\/png\" \/>\n<meta name=\"twitter:card\" content=\"summary_large_image\" \/>\n<meta name=\"twitter:label1\" content=\"Tiempo de lectura\" \/>\n\t<meta name=\"twitter:data1\" content=\"4 minutos\" \/>\n<script type=\"application\/ld+json\" class=\"yoast-schema-graph\">{\"@context\":\"https:\/\/schema.org\",\"@graph\":[{\"@type\":\"WebPage\",\"@id\":\"https:\/\/vivelloc.cat\/productes-ecologics\/\",\"url\":\"https:\/\/vivelloc.cat\/productes-ecologics\/\",\"name\":\"Productes ecol\u00f2gics - Viver de Bell Lloc\",\"isPartOf\":{\"@id\":\"https:\/\/vivelloc.cat\/es\/#website\"},\"primaryImageOfPage\":{\"@id\":\"https:\/\/vivelloc.cat\/productes-ecologics\/#primaryimage\"},\"image\":{\"@id\":\"https:\/\/vivelloc.cat\/productes-ecologics\/#primaryimage\"},\"thumbnailUrl\":\"https:\/\/vivelloc.cat\/wp-content\/uploads\/2026\/03\/BANNERS-15-1.png\",\"datePublished\":\"2026-04-07T13:34:55+00:00\",\"dateModified\":\"2026-04-07T13:34:55+00:00\",\"breadcrumb\":{\"@id\":\"https:\/\/vivelloc.cat\/productes-ecologics\/#breadcrumb\"},\"inLanguage\":\"es\",\"potentialAction\":[{\"@type\":\"ReadAction\",\"target\":[\"https:\/\/vivelloc.cat\/productes-ecologics\/\"]}]},{\"@type\":\"ImageObject\",\"inLanguage\":\"es\",\"@id\":\"https:\/\/vivelloc.cat\/productes-ecologics\/#primaryimage\",\"url\":\"https:\/\/vivelloc.cat\/wp-content\/uploads\/2026\/03\/BANNERS-15-1.png\",\"contentUrl\":\"https:\/\/vivelloc.cat\/wp-content\/uploads\/2026\/03\/BANNERS-15-1.png\",\"width\":1200,\"height\":400},{\"@type\":\"BreadcrumbList\",\"@id\":\"https:\/\/vivelloc.cat\/productes-ecologics\/#breadcrumb\",\"itemListElement\":[{\"@type\":\"ListItem\",\"position\":1,\"name\":\"Inici\",\"item\":\"https:\/\/vivelloc.cat\/\"},{\"@type\":\"ListItem\",\"position\":2,\"name\":\"Productes ecol\u00f2gics\"}]},{\"@type\":\"WebSite\",\"@id\":\"https:\/\/vivelloc.cat\/es\/#website\",\"url\":\"https:\/\/vivelloc.cat\/es\/\",\"name\":\"Viver de Bell Lloc\",\"description\":\"Promovem el creixement personal de persones amb disCapacitat i TSM sever\",\"potentialAction\":[{\"@type\":\"SearchAction\",\"target\":{\"@type\":\"EntryPoint\",\"urlTemplate\":\"https:\/\/vivelloc.cat\/es\/?s={search_term_string}\"},\"query-input\":\"required name=search_term_string\"}],\"inLanguage\":\"es\"}]}<\/script>\n<!-- \/ Yoast SEO plugin. -->","yoast_head_json":{"title":"Productes ecol\u00f2gics - Viver de Bell Lloc","robots":{"index":"index","follow":"follow","max-snippet":"max-snippet:-1","max-image-preview":"max-image-preview:large","max-video-preview":"max-video-preview:-1"},"canonical":"https:\/\/vivelloc.cat\/es\/productes-ecologics\/","og_locale":"es_ES","og_type":"article","og_title":"Productes ecol\u00f2gics - Viver de Bell Lloc","og_description":"Ous eco-solidaris de La Tavella Des de l\u2019any 2012 som productors d\u2019ous ecol\u00f2gics a l\u2019engr\u00f2s. \u00c9s un producte d\u2019alta qualitat que es produeix dins l\u2019\u00e0rea de la reserva de la [&hellip;]","og_url":"https:\/\/vivelloc.cat\/es\/productes-ecologics\/","og_site_name":"Viver de Bell Lloc","og_image":[{"width":1200,"height":400,"url":"https:\/\/vivelloc.cat\/wp-content\/uploads\/2026\/03\/BANNERS-15-1.png","type":"image\/png"}],"twitter_card":"summary_large_image","twitter_misc":{"Tiempo de lectura":"4 minutos"},"schema":{"@context":"https:\/\/schema.org","@graph":[{"@type":"WebPage","@id":"https:\/\/vivelloc.cat\/productes-ecologics\/","url":"https:\/\/vivelloc.cat\/productes-ecologics\/","name":"Productes ecol\u00f2gics - Viver de Bell Lloc","isPartOf":{"@id":"https:\/\/vivelloc.cat\/es\/#website"},"primaryImageOfPage":{"@id":"https:\/\/vivelloc.cat\/productes-ecologics\/#primaryimage"},"image":{"@id":"https:\/\/vivelloc.cat\/productes-ecologics\/#primaryimage"},"thumbnailUrl":"https:\/\/vivelloc.cat\/wp-content\/uploads\/2026\/03\/BANNERS-15-1.png","datePublished":"2026-04-07T13:34:55+00:00","dateModified":"2026-04-07T13:34:55+00:00","breadcrumb":{"@id":"https:\/\/vivelloc.cat\/productes-ecologics\/#breadcrumb"},"inLanguage":"es","potentialAction":[{"@type":"ReadAction","target":["https:\/\/vivelloc.cat\/productes-ecologics\/"]}]},{"@type":"ImageObject","inLanguage":"es","@id":"https:\/\/vivelloc.cat\/productes-ecologics\/#primaryimage","url":"https:\/\/vivelloc.cat\/wp-content\/uploads\/2026\/03\/BANNERS-15-1.png","contentUrl":"https:\/\/vivelloc.cat\/wp-content\/uploads\/2026\/03\/BANNERS-15-1.png","width":1200,"height":400},{"@type":"BreadcrumbList","@id":"https:\/\/vivelloc.cat\/productes-ecologics\/#breadcrumb","itemListElement":[{"@type":"ListItem","position":1,"name":"Inici","item":"https:\/\/vivelloc.cat\/"},{"@type":"ListItem","position":2,"name":"Productes ecol\u00f2gics"}]},{"@type":"WebSite","@id":"https:\/\/vivelloc.cat\/es\/#website","url":"https:\/\/vivelloc.cat\/es\/","name":"Viver de Bell Lloc","description":"Promovem el creixement personal de persones amb disCapacitat i TSM sever","potentialAction":[{"@type":"SearchAction","target":{"@type":"EntryPoint","urlTemplate":"https:\/\/vivelloc.cat\/es\/?s={search_term_string}"},"query-input":"required name=search_term_string"}],"inLanguage":"es"}]}},"_links":{"self":[{"href":"https:\/\/vivelloc.cat\/es\/wp-json\/wp\/v2\/pages\/12507","targetHints":{"allow":["GET"]}}],"collection":[{"href":"https:\/\/vivelloc.cat\/es\/wp-json\/wp\/v2\/pages"}],"about":[{"href":"https:\/\/vivelloc.cat\/es\/wp-json\/wp\/v2\/types\/page"}],"author":[{"embeddable":true,"href":"https:\/\/vivelloc.cat\/es\/wp-json\/wp\/v2\/users\/2"}],"replies":[{"embeddable":true,"href":"https:\/\/vivelloc.cat\/es\/wp-json\/wp\/v2\/comments?post=12507"}],"version-history":[{"count":5,"href":"https:\/\/vivelloc.cat\/es\/wp-json\/wp\/v2\/pages\/12507\/revisions"}],"predecessor-version":[{"id":12518,"href":"https:\/\/vivelloc.cat\/es\/wp-json\/wp\/v2\/pages\/12507\/revisions\/12518"}],"wp:featuredmedia":[{"embeddable":true,"href":"https:\/\/vivelloc.cat\/es\/wp-json\/wp\/v2\/media\/12510"}],"wp:attachment":[{"href":"https:\/\/vivelloc.cat\/es\/wp-json\/wp\/v2\/media?parent=12507"}],"wp:term":[{"taxonomy":"post_tag","embeddable":true,"href":"https:\/\/vivelloc.cat\/es\/wp-json\/wp\/v2\/tags?post=12507"}],"curies":[{"name":"wp","href":"https:\/\/api.w.org\/{rel}","templated":true}]}}

Productos ecológicos

<header class="entry-header">
<h2 class="entry-title">Huevos eco-solidarios de La Tavella</h2>
</header>
<div class="entry-content">
<p><b>Desde el año 2012 somos productores de huevos ecológicos al por mayor. Es un producto de alta calidad que se produce dentro del área de la reserva de la Biosfera del Montseny y que distribuimos a tiendas, comedores escolares, restaurantes y empresas vinculadas al sector de la hostelería.</b></p>
<p>Los huevos llevan una numeración que sirve para clasificar el tipo de explotación que los produce, siendo 3 las gallinas criadas en jaulas y 0 las gallinas criadas en libertad con alimentación ecológica. A Cànoves, hay unos huevos que van más allá, que no sólo son ecológicos sino que son solidarios.</p>
<p>Se trata de los huevos ecológicos de La Tavella, una empresa promovida por Fundación Viver de Bell-lloc que <strong>dona feina a persones amb disCapacitat i/o trastorn mental sever de la comarca del Vallès Oriental.</strong> Detrás de cada huevera, hay un grupo de personas a las que se les da la oportunidad de tener un trabajo. El 85% de la plantilla son personas con algún tipo de diversidad funcional. Participan de la recogida, envasado y distribución de los huevos.</p>
<p>Produïm els nostres ous ecològics a la Finca La Tavella, a Cànoves, dins l’àrea de la reserva de la Biosfera del Montseny. Les nostres gallines viuen amb accés lliure als patis de pastura i<strong> priorizamos en todo momento el bienestar animal</strong>, Lo que se ve reflejado en la calidad de los huevos.</p>
<p>En l’actualitat comptem amb un total de 4.200 gallines que viuen en tres galliners (un de 200 m2 i un altre de 340m2) i vuit parcel·les amb una superfície total de 10.400 m2.</p>
<p><img loading="lazy" decoding="async" class="alignnone size-medium wp-image-12511" src="https://vivelloc.cat/wp-content/uploads/2026/03/BANNERS-16-1-900x300.png" alt="" width="900" height="300" srcset="https://vivelloc.cat/wp-content/uploads/2026/03/BANNERS-16-1-900x300.png 900w, https://vivelloc.cat/wp-content/uploads/2026/03/BANNERS-16-1-768x256.png 768w, https://vivelloc.cat/wp-content/uploads/2026/03/BANNERS-16-1-18x6.png 18w, https://vivelloc.cat/wp-content/uploads/2026/03/BANNERS-16-1.png 1200w" sizes="auto, (max-width: 900px) 100vw, 900px" /></p>
<h3><strong>¿Quieres saber dónde encontrar los huevos ecosolidario de La Tavella?</strong></h3>
</div>
<div>
<div>
<p><strong>Si quieres tener estos huevos en tu tienda o restaurante, contacta a través del formulario.</strong></p>
<p><img loading="lazy" decoding="async" class="alignnone wp-image-6987" src="https://www.vivelloc.cat/wp-content/uploads/2020/10/venta-de-proximitat.jpg" alt="" width="112" height="121" srcset="https://vivelloc.cat/wp-content/uploads/2020/10/venta-de-proximitat.jpg 789w, https://vivelloc.cat/wp-content/uploads/2020/10/venta-de-proximitat-768x828.jpg 768w" sizes="auto, (max-width: 112px) 100vw, 112px" /><img loading="lazy" decoding="async" class="alignnone wp-image-6988" src="https://www.vivelloc.cat/wp-content/uploads/2020/10/Logo-Reserva-Biosfera-Montseny.jpg" alt="" width="125" height="125" /><img loading="lazy" decoding="async" class="alignnone wp-image-6989" src="https://www.vivelloc.cat/wp-content/uploads/2020/10/organic-eu-logo.jpg" alt="" width="161" height="107" /></p>
</div>
<h2 class="entry-title">Cistelles de Fruita i Verdura Eco i Ecomercat</h2>
<div>
<p data-start="74" data-end="262">Oferim un servei integral de fruita ecològica per a oficines a través de La Tavella ECO-grup. Repartiment diari de fruita fresca, productes d’esmorzar i opcions de coffee break pensades per al benestar dels equips.</p>
<p data-start="264" data-end="517">A La Tavella som productors i comercialitzadors directes de fruita, verdura, ous i conserves, així com d’altres productes ecològics. Treballem sempre amb productes de proximitat, de temporada i, en la majoria dels casos, provinents de l’economia social.</p>
<p data-start="519" data-end="746">Les nostres finques estan situades a Cànoves i Samalús i Santa Maria de Palautordera (Vallès Oriental), així com a Vic, Calldetenes i Tavèrnoles (Osona). En total, gestionem 10 hectàrees de cultiu, totes certificades pel CCPAE.</p>
<p data-start="748" data-end="957">A La Tavella també contribuïm a preservar varietats autòctones de fruites i verdures, apostant per aquelles més saboroses i amb millor rendiment, i posant en valor el coneixement i l’experiència de la pagesia.</p>
<p data-start="959" data-end="1121">Ens vols conèixer?<a href="https://www.latavella.cat/"> Vine a visitar-nos!</a></p>
<p data-start="959" data-end="1121"><img loading="lazy" decoding="async" class="alignnone wp-image-12513" src="https://vivelloc.cat/wp-content/uploads/2026/03/BANNERS-17-1-900x300.png" alt="" width="798" height="266" srcset="https://vivelloc.cat/wp-content/uploads/2026/03/BANNERS-17-1-900x300.png 900w, https://vivelloc.cat/wp-content/uploads/2026/03/BANNERS-17-1-768x256.png 768w, https://vivelloc.cat/wp-content/uploads/2026/03/BANNERS-17-1-18x6.png 18w, https://vivelloc.cat/wp-content/uploads/2026/03/BANNERS-17-1.png 1200w" sizes="auto, (max-width: 798px) 100vw, 798px" /></p>
</div>
</div>

<p>Ous eco-solidaris de La Tavella Des de l’any 2012 som productors d’ous ecològics a l’engròs. És un producte d’alta qualitat que es produeix dins l’àrea de la reserva de la [&hellip;]</p>

<!-- This site is optimized with the Yoast SEO plugin v23.0 - https://yoast.com/wordpress/plugins/seo/ -->
<title>Productes ecològics - Viver de Bell Lloc</title>
<meta name="robots" content="index, follow, max-snippet:-1, max-image-preview:large, max-video-preview:-1" />
<link rel="canonical" href="https://vivelloc.cat/es/productes-ecologics/" />
<meta property="og:locale" content="es_ES" />
<meta property="og:type" content="article" />
<meta property="og:title" content="Productes ecològics - Viver de Bell Lloc" />
<meta property="og:description" content="Ous eco-solidaris de La Tavella Des de l’any 2012 som productors d’ous ecològics a l’engròs. És un producte d’alta qualitat que es produeix dins l’àrea de la reserva de la [&hellip;]" />
<meta property="og:url" content="https://vivelloc.cat/es/productes-ecologics/" />
<meta property="og:site_name" content="Viver de Bell Lloc" />
<meta property="og:image" content="https://vivelloc.cat/wp-content/uploads/2026/03/BANNERS-15-1.png" />
	<meta property="og:image:width" content="1200" />
	<meta property="og:image:height" content="400" />
	<meta property="og:image:type" content="image/png" />
<meta name="twitter:card" content="summary_large_image" />
<meta name="twitter:label1" content="Tiempo de lectura" />
	<meta name="twitter:data1" content="4 minutos" />
<script type="application/ld+json" class="yoast-schema-graph">{"@context":"https://schema.org","@graph":[{"@type":"WebPage","@id":"https://vivelloc.cat/productes-ecologics/","url":"https://vivelloc.cat/productes-ecologics/","name":"Productes ecològics - Viver de Bell Lloc","isPartOf":{"@id":"https://vivelloc.cat/es/#website"},"primaryImageOfPage":{"@id":"https://vivelloc.cat/productes-ecologics/#primaryimage"},"image":{"@id":"https://vivelloc.cat/productes-ecologics/#primaryimage"},"thumbnailUrl":"https://vivelloc.cat/wp-content/uploads/2026/03/BANNERS-15-1.png","datePublished":"2026-04-07T13:34:55+00:00","dateModified":"2026-04-07T13:34:55+00:00","breadcrumb":{"@id":"https://vivelloc.cat/productes-ecologics/#breadcrumb"},"inLanguage":"es","potentialAction":[{"@type":"ReadAction","target":["https://vivelloc.cat/productes-ecologics/"]}]},{"@type":"ImageObject","inLanguage":"es","@id":"https://vivelloc.cat/productes-ecologics/#primaryimage","url":"https://vivelloc.cat/wp-content/uploads/2026/03/BANNERS-15-1.png","contentUrl":"https://vivelloc.cat/wp-content/uploads/2026/03/BANNERS-15-1.png","width":1200,"height":400},{"@type":"BreadcrumbList","@id":"https://vivelloc.cat/productes-ecologics/#breadcrumb","itemListElement":[{"@type":"ListItem","position":1,"name":"Inici","item":"https://vivelloc.cat/"},{"@type":"ListItem","position":2,"name":"Productes ecològics"}]},{"@type":"WebSite","@id":"https://vivelloc.cat/es/#website","url":"https://vivelloc.cat/es/","name":"Viver de Bell Lloc","description":"Promovem el creixement personal de persones amb disCapacitat i TSM sever","potentialAction":[{"@type":"SearchAction","target":{"@type":"EntryPoint","urlTemplate":"https://vivelloc.cat/es/?s={search_term_string}"},"query-input":"required name=search_term_string"}],"inLanguage":"es"}]}</script>
<!-- / Yoast SEO plugin. -->

Productes ecològics - Viver de Bell Lloc

Ous eco-solidaris de La Tavella Des de l’any 2012 som productors d’ous ecològics a l’engròs. És un producte d’alta qualitat que es produeix dins l’àrea de la reserva de la [&hellip;]

Productes ecològics
